{"id":12,"date":"2021-08-29T10:01:57","date_gmt":"2021-08-29T08:01:57","guid":{"rendered":"http:\/\/coiffeur-martina.ch\/?page_id=12"},"modified":"2021-10-05T21:39:45","modified_gmt":"2021-10-05T19:39:45","slug":"ueber-mich","status":"publish","type":"page","link":"https:\/\/coiffeur-martina.ch\/?page_id=12","title":{"rendered":"\u00dcber mich"},"content":{"rendered":"\n<div class=\"wp-block-columns is-layout-flex wp-container-core-columns-is-layout-28f84493 wp-block-columns-is-layout-flex\">\n<div class=\"wp-block-column is-layout-flow wp-block-column-is-layout-flow\" style=\"flex-basis:100%\">\n<div class=\"wp-block-columns is-layout-flex wp-container-core-columns-is-layout-28f84493 wp-block-columns-is-layout-flex\">\n<div class=\"wp-block-column is-layout-flow wp-block-column-is-layout-flow\" style=\"flex-basis:100%\">\n<div class=\"wp-block-columns is-layout-flex wp-container-core-columns-is-layout-28f84493 wp-block-columns-is-layout-flex\">\n<div class=\"wp-block-column is-layout-flow wp-block-column-is-layout-flow\">\n<figure class=\"wp-block-image size-large is-style-default\"><img loading=\"lazy\" decoding=\"async\" width=\"768\" height=\"1024\" src=\"https:\/\/coiffeur-martina.ch\/wp-content\/uploads\/2021\/10\/Ueber_mich-768x1024.png\" alt=\"\" class=\"wp-image-193\" srcset=\"https:\/\/coiffeur-martina.ch\/wp-content\/uploads\/2021\/10\/Ueber_mich-768x1024.png 768w, https:\/\/coiffeur-martina.ch\/wp-content\/uploads\/2021\/10\/Ueber_mich-225x300.png 225w, https:\/\/coiffeur-martina.ch\/wp-content\/uploads\/2021\/10\/Ueber_mich-1152x1536.png 1152w, https:\/\/coiffeur-martina.ch\/wp-content\/uploads\/2021\/10\/Ueber_mich-1536x2048.png 1536w\" sizes=\"auto, (max-width: 768px) 100vw, 768px\" \/><\/figure>\n<\/div>\n\n\n\n<div class=\"wp-block-column is-layout-flow wp-block-column-is-layout-flow\">\n<p><strong>Martina Scheuner<\/strong><\/p>\n\n\n\n<p>Im Jahr 2008 erlangte ich das F\u00e4higkeitszeugnis als Damen Coiffeuse und im folgenden Jahr auch gleich das f\u00fcr die Herren. Seither arbeitete ich leidenschaftlich als Coiffeuse, bei einem Filialbetrieb. Im November 2020 wagte ich schliesslich den Schritt in die Selbst\u00e4ndigkeit und begr\u00fcsse seither meine Kunden im Haarst\u00fcbli in Oberbalm.<\/p>\n\n\n\n<p>Ich freue mich, Sie mit meiner fr\u00f6hlichen und unkomplizierten Art zu begeistern. Meine Leidenschaft sind Hochzeitsfrisuren, und Farbver\u00e4nderungen, jedoch bringe ich genauso gerne eine bestehende Frisur wieder in Form.<\/p>\n<\/div>\n<\/div>\n<\/div>\n<\/div>\n<\/div>\n<\/div>\n","protected":false},"excerpt":{"rendered":"<p>Martina Scheuner Im Jahr 2008 erlangte ich das F\u00e4higkeitszeugnis als Damen Coiffeuse und im folgenden Jahr auch gleich das f\u00fcr die Herren. Seither arbeitete ich leidenschaftlich als Coiffeuse, bei einem Filialbetrieb. Im November 2020 wagte ich schliesslich den Schritt in die Selbst\u00e4ndigkeit und begr\u00fcsse seither meine Kunden im Haarst\u00fcbli in Oberbalm. Ich freue mich, Sie [&hellip;]<\/p>\n","protected":false},"author":1,"featured_media":0,"parent":0,"menu_order":0,"comment_status":"closed","ping_status":"closed","template":"","meta":{"site-sidebar-layout":"default","site-content-layout":"default","ast-site-content-layout":"default","site-content-style":"default","site-sidebar-style":"default","ast-global-header-display":"","ast-banner-title-visibility":"","ast-main-header-display":"","ast-hfb-above-header-display":"","ast-hfb-below-header-display":"","ast-hfb-mobile-header-display":"","site-post-title":"","ast-breadcrumbs-content":"","ast-featured-img":"","footer-sml-layout":"","theme-transparent-header-meta":"default","adv-header-id-meta":"","stick-header-meta":"","header-above-stick-meta":"","header-main-stick-meta":"","header-below-stick-meta":"","astra-migrate-meta-layouts":"default","ast-page-background-enabled":"default","ast-page-background-meta":{"desktop":{"background-color":"var(--ast-global-color-4)","background-image":"","background-repeat":"repeat","background-position":"center center","background-size":"auto","background-attachment":"scroll","background-type":"","background-media":"","overlay-type":"","overlay-color":"","overlay-opacity":"","overlay-gradient":""},"tablet":{"background-color":"","background-image":"","background-repeat":"repeat","background-position":"center center","background-size":"auto","background-attachment":"scroll","background-type":"","background-media":"","overlay-type":"","overlay-color":"","overlay-opacity":"","overlay-gradient":""},"mobile":{"background-color":"","background-image":"","background-repeat":"repeat","background-position":"center center","background-size":"auto","background-attachment":"scroll","background-type":"","background-media":"","overlay-type":"","overlay-color":"","overlay-opacity":"","overlay-gradient":""}},"ast-content-background-meta":{"desktop":{"background-color":"var(--ast-global-color-5)","background-image":"","background-repeat":"repeat","background-position":"center center","background-size":"auto","background-attachment":"scroll","background-type":"","background-media":"","overlay-type":"","overlay-color":"","overlay-opacity":"","overlay-gradient":""},"tablet":{"background-color":"var(--ast-global-color-5)","background-image":"","background-repeat":"repeat","background-position":"center center","background-size":"auto","background-attachment":"scroll","background-type":"","background-media":"","overlay-type":"","overlay-color":"","overlay-opacity":"","overlay-gradient":""},"mobile":{"background-color":"var(--ast-global-color-5)","background-image":"","background-repeat":"repeat","background-position":"center center","background-size":"auto","background-attachment":"scroll","background-type":"","background-media":"","overlay-type":"","overlay-color":"","overlay-opacity":"","overlay-gradient":""}},"ngg_post_thumbnail":0,"footnotes":""},"class_list":["post-12","page","type-page","status-publish","hentry"],"_links":{"self":[{"href":"https:\/\/coiffeur-martina.ch\/index.php?rest_route=\/wp\/v2\/pages\/12","targetHints":{"allow":["GET"]}}],"collection":[{"href":"https:\/\/coiffeur-martina.ch\/index.php?rest_route=\/wp\/v2\/pages"}],"about":[{"href":"https:\/\/coiffeur-martina.ch\/index.php?rest_route=\/wp\/v2\/types\/page"}],"author":[{"embeddable":true,"href":"https:\/\/coiffeur-martina.ch\/index.php?rest_route=\/wp\/v2\/users\/1"}],"replies":[{"embeddable":true,"href":"https:\/\/coiffeur-martina.ch\/index.php?rest_route=%2Fwp%2Fv2%2Fcomments&post=12"}],"version-history":[{"count":5,"href":"https:\/\/coiffeur-martina.ch\/index.php?rest_route=\/wp\/v2\/pages\/12\/revisions"}],"predecessor-version":[{"id":195,"href":"https:\/\/coiffeur-martina.ch\/index.php?rest_route=\/wp\/v2\/pages\/12\/revisions\/195"}],"wp:attachment":[{"href":"https:\/\/coiffeur-martina.ch\/index.php?rest_route=%2Fwp%2Fv2%2Fmedia&parent=12"}],"curies":[{"name":"wp","href":"https:\/\/api.w.org\/{rel}","templated":true}]}}